9. What is the greatest common factor of x and 2184?
3
Let t = -9452 - -13610. What is the highest common factor of t and 84?
42
Let a(g) = 11*g - 187. Let x be a(17). Suppose -3*o = -b + 76, -13*o + 14*o + 4 = x. What is the highest common factor of b and 8?
8
Suppose -2*p - 2*p - 4*n = -112, -5*n + 86 = 3*p. Let w = 54 + -29. Suppose 3*b - 29 - w = 0. Calculate the highest common divisor of p and b.
9
Let n be 3/5 + (8 - 224/(-10)). Suppose -1427 = -3*j - 404. Calculate the greatest common divisor of n and j.
31
Let m be -2 - (-3012)/21 - (-138)/(-322). What is the greatest common divisor of 1222 and m?
47
Let q be (-7)/(35/20) + -1. Let p(r) = -8*r - 7. Let t(a) = -a. Let x(w) = p(w) + 5*t(w). Let h be x(q). Calculate the greatest common factor of h and 145.
29
Suppose -54 = -4*z + 5*b, -2*z + 8*b + 32 = 3*b. Calculate the greatest common divisor of z and 935.
11
Let n be 3918 + (12/(-5))/((-123)/(-410)). What is the greatest common divisor of n and 510?
170
Let o(u) = 35*u - 45. Let m(g) = 71*g - 93. Let j(k) = 3*m(k) - 7*o(k). Let b be j(-3). Calculate the highest common divisor of 12 and b.
12
Let s(o) = -o**2 + 69*o - 859. Let t be s(17). Calculate the highest common factor of 50 and t.
25
Let k be 21/6 - (-2)/(-4). Suppose -k*b + 30 = -4*q, 4*b - 2*q = -5*q + 15. Suppose 17*r - 1435 = -20*r + 1007. What is the highest common divisor of r and b?
6
Let i be (-4)/14 - 3*(-186)/42. Let k(b) = b**2 - 10 + i*b - 10*b - 9*b. Let q be k(-8). Calculate the greatest common divisor of 153 and q.
51
Let o = -1710 - -1163. Let y = o + 560. What is the highest common factor of 247 and y?
13
Let j be (4689/(-8))/(33/(-132)) - (-3)/(-2). Calculate the highest common divisor of j and 33.
33
Let u(a) = a**3 + 12*a**2 + 4*a + 21. Let g = -48 - -37. Let p be u(g). Suppose 11*c - p = -3*c. What is the greatest common divisor of c and 35?
7
Let c = 2904 - 486. Calculate the highest common factor of c and 186.
186
Let p = 19517 + -14972. What is the greatest common factor of 45 and p?
45
Let o = 162 + -50. Let z(t) = t**3 - 36*t**2 + 434*t - 95. Let r be z(17). What is the greatest common factor of o and r?
112
Suppose 2*y + 202 = f + 357, y = -2*f + 80. Calculate the highest common divisor of 16302 and y.
78
Let q(z) = -83*z - 4674. Let k be q(-68). Let x(c) = c**2 + 17*c - 28. Let n be x(-19). Calculate the greatest common divisor of k and n.
10
Let z(q) = -q + 131. Let f(p) = 5*p - 525. Let t(o) = 4*f(o) + 15*z(o). Let n be t(33). What is the greatest common divisor of n and 330?
30
Let i = 530 + -476. Let j = 18 - 16. Suppose j*u + 2*u - 72 = 0. What is the greatest common factor of i and u?
18
Let g(i) be the first derivative of -2*i**3/3 - 9*i**2 - 2*i + 44. Let q be g(-9). Let j be (q - -1) + 21/3. What is the highest common factor of 6 and j?
6
Suppose 107*g + 29*g - 35*g - 47773 = 0. Suppose 22 = 6*n - 5*n. What is the highest common divisor of g and n?
11
Suppose 2121 = 5*m + 2*r, -m + 5*m = -3*r + 1701. Let w = m - 228. Calculate the highest common factor of 26 and w.
13
Let p = 1889 - 1563. Calculate the greatest common divisor of p and 2.
2
Let i be (3 - 2) + (1 - 0). Let f(c) = 47*c - 2. Let j be f(i). Suppose -2*m + j = -4*k, m + 4*k - 58 = 3*k. What is the highest common factor of 27 and m?
27
Let t be 5/(30/8) + (-13026)/(-18). Calculate the greatest common factor of 87 and t.
29
Suppose 561 = 5*h + a, -h = 52*a - 51*a - 113. Suppose 2*u - 164 = -2*z, -3*u = 4*z - 8*u - 310. What is the highest common factor of h and z?
16
Let q = -28 - -33. Let m(k) = k**3 - 4*k**2 - 5*k + 10. Let s be m(q). Let d = 2 + s. What is the greatest common divisor of d and 24?
12
Let i(c) = 12*c**3 - 2*c**2 + 2*c - 1. Let v be i(1). Let m = v + -5. Let t(j) = 16*j - 6. Let o be t(m). What is the highest common factor of o and 36?
18
Let o(s) = 3*s - 34. Suppose 6 - 86 = -5*v. Let q be o(v). Let f = q + 41. What is the highest common divisor of 5 and f?
5
Suppose u - 133 + 3 = 0. Suppose -293 + 785 = -2*l. Let v = 256 + l. Calculate the highest common divisor of u and v.
10
Let b(p) = 112*p - 3. Let a(y) = -114*y + 2. Let r(t) = 2*a(t) + 3*b(t). Let d be r(3). Calculate the greatest common factor of 22 and d.
11
Suppose 4*q = 13*o - 8*o - 668, 277 = 2*o - 3*q. Calculate the highest common divisor of 608 and o.
32
Let c = -41 + 47. Let x be (0 - 1) + (2 - -1). Suppose -l = -x*y + 3*l - 4, -2*l + 6 = y. Calculate the greatest common factor of c and y.
2
Let q = -8 - -14. Let p = -5220 + 5282. Let m = q + p. What is the highest common factor of 17 and m?
17
Let z be 313539/21 - (((-5180)/(-98))/(-5) + 10). What is the greatest common factor of z and 18?
9
Let c = -1942 + 2566. What is the highest common divisor of 39 and c?
39
Let j be 0 + -13 + 49 - 14. Let d(k) be the third derivative of 29*k**4/12 + k**3/3 - k**2. Let s be d(3). Calculate the highest common factor of j and s.
22
Let k be -3*20/12*-15. Suppose -i - 4*z = 3*i - 144, -3*z + k = 2*i. Suppose 7*s - 8*s - 3*y = 0, -3*y + 3 = 2*s. What is the highest common factor of i and s?
3
Let u(w) = 2*w**2 - 8*w + 18. Let m be u(-6). Let a = -70 + m. Calculate the greatest common divisor of a and 170.
34
Let g be 30700/20 - 0 - -12. What is the greatest common divisor of g and 819?
91
Suppose 6*x - 3*x - 1716 = 4*u, -3*u = 4*x - 2288. What is the highest common factor of x and 451?
11
Suppose 0 = 28*t - 16*t - 408. Let r be 13 - (-8 - -2 - -2). Calculate the highest common factor of t and r.
17
Let g = 9 - 5. Let w(n) = -n**2 + 11*n + 28. Let p = -66 - -78. Let y be w(p). Calculate the highest common factor of g and y.
4
Suppose -51 = l - 49, 159 = 5*b + 3*l. Calculate the greatest common factor of 6798 and b.
33
Let q(f) = -f - 31. Let w be q(-10). Let c be w - -18 - ((-54)/3 + -1). What is the highest common factor of c and 4?
4
Let l(a) = a**3 - 11*a**2 - 11*a - 13. Let p be l(12). Let g be (-287)/(-56) + p/8. Suppose 117 = g*k + 8*k. Calculate the greatest common factor of 117 and k.
9
Let f(j) = j**3 - 15*j**2 - 38*j + 69. Let p be f(17). Let c(u) = 10*u + 3*u + 2 - 2*u. Let z be c(p). What is the greatest common divisor of 78 and z?
13
Let d(u) = -u**2 - 4*u - 2. Let n be d(-4). Let i be 2/(n + (-16)/(-7)). Suppose -63 = -38*w + 735. Calculate the greatest common factor of w and i.
7
Suppose -23*s + 119 + 42 = 0. Let v be 15*(-1 + 4 - -309). Suppose s*o = 27*o - v. What is the highest common divisor of o and 26?
26
Let q be -2 - (-230)/15 - 2/(-3). Let n be 152/q*280/80. Calculate the highest common factor of n and 2.
2
Suppose 859*u - 255 = 842*u. Calculate the greatest common factor of 5505 and u.
15
Let q(c) = 14*c**2 - 87*c - 56. Let t be q(8). What is the greatest common factor of 102 and t?
6
Let d(k) = k**3 - 19*k**2 + 37*k - 4. Let l be d(9). Let c = -464 - l. Calculate the highest common divisor of 714 and c.
17
Suppose -48944 = 22*r - 155*r. What is the highest common divisor of r and 713?
23
Let l be 1/((-5)/(-730)*2) - (-9 + 10). What is the highest common factor of l and 264?
24
Let u = 1335 - 1231. Suppose -6 = n - 4*n. Suppose n*v + 52 = 6*v. Calculate the greatest common divisor of u and v.
13
Suppose -2*p + 694 = -2*n, -4*n = -p + 5*p - 1420. Suppose -3*x - 3*u + 1200 = 996, 0 = -2*x - 5*u + 106. Calculate the greatest common divisor of x and p.
39
Suppose -4*y = 2*c - 8, 0 = -60*y + 55*y + 5*c + 10. What is the greatest common factor of 73 and y?
1
Suppose -164 = -5*i + 2*l, -2*i + 34*l = 32*l - 68. Calculate the highest common factor of 1296 and i.
16
Let a(v) = 9*v - 9. Let x be a(5). Let d(h) = 9*h**2 + 58*h + 57. Let y be d(-1). Calculate the highest common divisor of y and x.
4
Let b be (-20)/30 + 62/(-6). Let c = 57 + b. Let m be 3*-5*(-276)/18. Calculate the highest common factor of m and c.
46
Suppose -74*h = -16*h - 6900 - 2322. What is the highest common factor of h and 13197?
159
Let t be (-4)/(-10) + (493372/(-55))/(-4). Suppose -t + 620 = -4*f - j, -j = 5. What is the highest common factor of 33 and f?
11
Let f(v) = v**2 - 17*v + 75. Let o be f(6). Suppose 0 = -o*s + 1546 - 556. What is the greatest common factor of 66 and s?
22
Suppose 0 = f - 4*f + 129. Suppose -27 = -5*u + f. Suppose -q + 5*y + 16 = -125, 615 = 5*q + 5*y. Calculate the highest common divisor of q and u.
